?
False
Is 56016 a multiple of 8?
True
Does 554 divide 3376630?
True
Is 1963257 a multiple of 69?
True
Is 33 a factor of 161046?
False
Is 22 a factor of 350626?
False
Does 478 divide 123745?
False
Does 9 divide 5267541?
False
Is 488490 a multiple of 8?
False
Does 225 divide 766350?
True
Does 6 divide 147055?
False
Is 76 a factor of 4932868?
False
Does 31 divide 4513359?
False
Is 585 a factor of 206569?
False
Does 305 divide 758707?
False
Is 2058005 a multiple of 34?
False
Is 2 a factor of 6488?
True
Is 1623850 a multiple of 25?
True
Is 122 a factor of 1125442?
False
Is 876757 a multiple of 617?
True
Is 108815 a multiple of 12?
False
Is 216 a factor of 411912?
True
Is 1748236 a multiple of 406?
True
Does 8 divide 315398?
False
Does 93 divide 235933?
False
Is 4600 a multiple of 5?
True
Is 5 a factor of 51316?
False
Does 1160 divide 589280?
True
Is 2413515 a multiple of 178?
False
Is 106496 a multiple of 208?
True
Does 221 divide 3476330?
True
Is 276948 a multiple of 12?
True
Does 22 divide 214226?
False
Is 12 a factor of 487894?
False
Is 5 a factor of 11345?
True
Is 3384781 a multiple of 10?
False
Is 149 a factor of 163075?
False
Is 11 a factor of 744005?
False
Is 404 a factor of 487224?
True
Is 7 a factor of 8127?
True
Does 17 divide 4835882?
False
Is 6017898 a multiple of 126?
False
Is 16 a factor of 186953?
False
Does 222 divide 283050?
True
Does 32 divide 784313?
False
Does 63 divide 18605?
False
Is 19 a factor of 158434?
False
Is 212148 a multiple of 18?
True
Is 6501534 a multiple of 82?
True
Is 326 a factor of 1232932?
True
Is 374 a factor of 1407862?
False
Is 41 a factor of 5461118?
True
Is 84234 a multiple of 101?
True
Is 3557153 a multiple of 51?
False
Is 2331196 a multiple of 89?
False
Does 482 divide 413377?
False
Does 76 divide 1073683?
False
Does 36 divide 5169060?
True
Does 6 divide 21076?
False
Is 12 a factor of 656985?
False
Is 123 a factor of 2503547?
False
Is 68 a factor of 1745696?
True
Is 112 a factor of 4374479?
False
Is 245290 a multiple of 19?
True
Is 188309 a multiple of 11?
True
Does 1195 divide 5320104?
False
Does 1046 divide 16816634?
False
Does 8 divide 6278840?
True
Is 79899 a multiple of 83?
False
Does 1286 divide 2830486?
True
Is 4 a factor of 2603056?
True
Is 1275337 a multiple of 7?
True
Is 70228 a multiple of 97?
True
Is 4113060 a multiple of 20?
True
Is 171855 a multiple of 95?
True
Does 9 divide 7323085?
False
Is 6743604 a multiple of 62?
False
Is 332 a factor of 1504918?
False
Is 188590 a multiple of 25?
False
Is 37 a factor of 2305544?
True
Does 81 divide 177568?
False
Does 168 divide 298032?
True
Is 28888 a multiple of 637?
False
Does 506 divide 565202?
True
Is 7 a factor of 15062?
False
Is 220 a factor of 860891?
False
Does 529 divide 10050471?
True
Is 2205768 a multiple of 146?
True
Does 11 divide 15113562?
False
Does 94 divide 1933486?
True
Is 2336628 a multiple of 12?
True
Does 140 divide 511700?
True
Does 193 divide 2741758?
True
Does 18 divide 285307?
False
Is 94 a factor of 89582?
True
Is 406 a factor of 547288?
True
Is 747137 a multiple of 11?
False
Is 113772 a multiple of 12?
True
Is 3 a factor of 183495?
True
Does 70 divide 843906?
False
Does 49 divide 2719255?
True
Is 615060 a multiple of 85?
True
Does 5 divide 129472?
False
Does 83 divide 22286579?
True
Is 2917149 a multiple of 12?
False
Is 18 a factor of 38857?
False
Is 362593 a multiple of 119?
True
Is 1224631 a multiple of 16?
False
Is 209580 a multiple of 60?
True
Is 25 a factor of 1335425?
True
Does 10 divide 531389?
False
Does 221 divide 551271?
False
Does 491 divide 4429116?
False
Is 28 a factor of 35903?
False
Does 509 divide 313544?
True
Is 199 a factor of 191838?
False
Is 59 a factor of 9033?
False
Does 10 divide 418080?
True
Does 27 divide 7696377?
True
Is 326 a factor of 26080?
True
Is 189114 a multiple of 14?
False
Is 67 a factor of 17585492?
False
Is 61166 a multiple of 14?
True
Is 171 a factor of 199386?
True
Does 533 divide 10376977?
True
Is 201302 a multiple of 23?
False
Is 958 a factor of 2535826?
True
Is 1028882 even?
True
Does 9 divide 3562821?
True
Is 12407 a multiple of 27?
False
Is 8533 a multiple of 53?
True
Is 41436 a multiple of 18?
True
Is 36076 a multiple of 6?
False
Does 45 divide 12724367?
False
Does 317 divide 15216?
True
Is 401 a factor of 998444?
False
Does 76 divide 1353336?
False
Does 184 divide 91602?
False
Is 50 a factor of 114117?
False
Is 212 a factor of 1383772?
False
Does 132 divide 1448804?
False
Is 187399 a multiple of 29?
False
Is 7 a factor of 527093?
True
Does 297 divide 265102?
False
Is 183 a factor of 3559899?
True
Does 4 divide 414440?
True
Is 349416 a multiple of 138?
True
Is 15 a factor of 2022611?
False
Is 33 a factor of 6454?
False
Does 94 divide 103964?
True
Does 193 divide 136390?
False
Is 1256548 a multiple of 69?
False
Does 264 divide 267432?
True
Is 996189 a multiple of 394?
False
Does 241 divide 595283?
False
Is 9 a factor of 1020055?
False
Does 19 divide 52399?
False
Does 99 divide 132274?
False
Is 599079 a multiple of 69?
False
Is 99036 a multiple of 131?
True
Does 220 divide 55254?
False
Does 75 divide 42900?
True
Does 43 divide 89804?
False
Does 159 divide 508005?
True
Does 176 divide 277200?
True
Is 11 a factor of 54661?
False
Does 21 divide 28224?
True
Is 6 a factor of 2716110?
True
Is 475 a factor of 17100?
True
Is 13 a factor of 307220?
False
Is 1854192 a multiple of 19?
False
Is 40 a factor of 3011097?
False
Is 18 a factor of 6158150?
False
Is 149 a factor of 134951?
False
Is 76 a factor of 764288?
False
Does 19 divide 95994?
False
Is 87015 a multiple of 6?
False
Does 73 divide 131575?
False
Is 511 a factor of 3516364?
False
Does 3 divide 220572?
True
Is 982 a factor of 9272171?
False
Does 169 divide 435070?
False
Is 8 a factor of 1036895?
False
Does 124 divide 281607?
False
Does 2 divide 184668?
True
Is 496978 a multiple of 120?
False
Is 118 a factor of 124092?
False
Does 16 divide 187899?
False
Is 16 a factor of 1055367?
False
Is 57 a factor of 1370803?
False
Is 817956 a multiple of 266?
False
Does 238 divide 142324?
True
Does 4 divide 483413?
False
Is 5551738 a multiple of 488?
False
Does 427 divide 471835?
True
Is 42738 a multiple of 76?
False
Is 51 a factor of 114444?
True
Does 419 divide 307546?
True
Is 1568099 a multiple of 3?
False
Is 983801 a multiple of 91?
True
Does 807 divide 9111338?
False
Is 19 a factor of 1372384?
False
Is 18 a factor of 1592838?
True
Does 102 divide 1876902?
True
Is 315806 a multiple of 14?
False
Does 497 divide 1123331?
False
Is 257711 a multiple of 10?
False
Is 14 a factor of 5642602?
True
Does 84 divide 255469?
False
Is 25 a factor of 33825?
True
Does 58 divide 7450?
False
Is 104574 a multiple of 29?
True
Does 4 divide 51188?
True
Does 26 divide 18213?
False
Is 188048 a multiple of 112?
True
Is 333 a factor of 1795069?
False
Does 522 divide 415888?
False
Does 62 divide 39317?
False
Does 6 divide 48564?
True
Is 476948 even?
True
Does 147 divide 4746777?
True
Is 192221 a multiple of 69?
False
Is 175 a factor of 16673667?
False
Does 82 divide 18698?
False
Does 169 divide 422162?
True
Is 12975753 a multiple of 187?
False
Is 13703412 a multiple of 12?
True
Does 67 divide 791305?
False
Is 65912 a multiple of 117?
False
Is 137 a factor of 16166?
True
Does 8 divide 25607?
False
Does 224 divide 25846?
False
Is 427 a factor of 3085502?
True
Is 1718304 a multiple of 32?
True
Is 2831628 a multiple of 785?
False
Is 402 a factor of 689832?
True
Does 51 divide 26418?
True
Is 25 a factor of 823925?
True
Does 74 divide 6000290?
True
Does 77 divide 240728?
False
Does 89 divide 1022343?
True
Does 16 divide 302416?
True
Is 2740529 a multiple of 29?
True
Is 11 a factor of 62261?
False
Is 106 a factor of 253128?
True
Is 27 a factor of 99495?
True
Does 7 divide 5926?
False
Is 9556 a multiple of 36?
False
Is 14 a factor of 589091?
False
Is 43 a factor of 15387077?
True
Does 17 divide 105361?
False
Does 6 divide 110840?
False
Is 16 a factor of 37360?
True
Does 170 divide 33376?
False
Does 48 divide 16680087?
False
Does 15 divide 147555?
True
Is 230304 a multiple of 24?
True
Does 125 divide 661746?
False
Is 2 a factor of 28447?
False
Is 13 a factor of 471312?
False
Is 876 a factor of 1659132?
False
Is 12 a factor of 218818?
False
Is 4 a factor of 164031?
False
Is 